et r(x) = 3 - 2 + 3 - 6*x**2 - x + 7*x**2. Let a be r(4). Let q = -7 + a. What is the greatest common factor of 6 and q?
3
Let j(k) = -4*k + 1. Let g be j(-8). Calculate the greatest common factor of 9 and g.
3
Let p be 315/(-6)*24/(-9). Suppose 7*a - 11*a + p = 0. Let q be 82/10 - 7/a. Calculate the highest common divisor of q and 20.
4
Suppose y = 2*y - 1. Let o = 159 + -156. Calculate the highest common factor of y and o.
1
Suppose -378 - 282 = -4*h. What is the greatest common divisor of h and 99?
33
Let x(w) = -w**3 + 8*w**2 - 6*w - 5. Let v be x(7). Suppose -22 = -4*a + v*a. What is the greatest common factor of 11 and a?
11
Let m(h) = h**2 - 6*h + 3. Let c be m(6). Let y = 15 + c. Calculate the greatest common factor of y and 12.
6
Suppose 3*k - 2*u = 76, k + 5*u = 4*u + 32. Calculate the greatest common factor of k and 21.
7
Let i = 97 + 11. Let s be (-3)/3*-1*-1. Let w be s/1 + 4 - -9. What is the highest common divisor of i and w?
12
Let g = -38 - -73. Let v be (2/(-2))/(-1) - -6. Calculate the greatest common factor of v and g.
7
Let r be ((-1)/(-4))/((-2)/(-176)). What is the highest common factor of r and 88?
22
Let k = -206 - -221. Suppose -42 + 1482 = 4*q. What is the highest common factor of k and q?
15
Let y(c) = -6*c**3 - 2*c**2 - 3*c - 4. Let o be y(-2). Calculate the greatest common factor of 14 and o.
14
Let b = -10 - -10. Suppose b = 4*x - 9*x + 20. Suppose 2*w = 6*w - k - 176, -x*k + 241 = 5*w. What is the greatest common divisor of w and 5?
5
Let u(j) be the third derivative of j**5/60 + 7*j**4/24 - 2*j**3/3 + 4*j**2. Let k be u(-11). Calculate the highest common factor of k and 120.
40
Suppose 0 = 6*n - 19 - 11. Suppose -6*h + 41 = n. Suppose 105 + 27 = 2*y. Calculate the greatest common factor of y and h.
6
Let x = -80 + 132. Suppose -v - x + 58 = 0. Calculate the greatest common factor of v and 15.
3
Let k be (-3)/30*-4442 - 6/30. Calculate the greatest common factor of 37 and k.
37
Let y be -6*78/4*(-16)/48. Suppose -4*s + 5*q + 0*q + 79 = 0, -5*q = -25. Calculate the greatest common divisor of s and y.
13
Suppose -p + 4*y = -41 - 167, 2*p = -3*y + 416. What is the greatest common factor of 78 and p?
26
Suppose 0 = -51*s + 50*s + 3. Suppose 310 = s*x + 10. What is the highest common factor of 20 and x?
20
Suppose 0 = -2*v - 43*u + 47*u + 158, 0 = v - 5*u - 67. Calculate the highest common factor of 1363 and v.
29
Suppose 3*n = 2*n - 5, -3*l + 106 = 4*n. Calculate the highest common factor of 70 and l.
14
Let x(p) = p**3 - 27*p**2 + 26*p + 22. Let q be x(26). Suppose q*w - 6*w = 32. What is the highest common divisor of 2 and w?
2
Let t = -38 - -73. Suppose 0*d + t = -5*d. Let y(s) = 2*s**2 + s - 7. Let m be y(d). What is the highest common divisor of m and 12?
12
Let c = 93 + -153. Let r be ((-246)/(-4) + 1)*(-48)/c. Suppose 15 = 4*x - 65. What is the greatest common factor of x and r?
10
Suppose -4*a + 514 = 3*q, a - 26 - 112 = 4*q. Calculate the highest common factor of a and 182.
26
Suppose -3*r + 4*k = -115, 182 = 5*r - 3*k + 6*k. Let d be 2*3/(-6) - (-4 - r). Calculate the highest common factor of d and 5.
5
Let v(f) = -4*f**3 + 17*f**2 + 4. Let l be v(4). What is the highest common divisor of l and 45?
5
Suppose -5*z - 12 = -132. Suppose 0 = 4*f + 295 - 39. Let t = -40 - f. What is the greatest common divisor of t and z?
24
Let w be (-2)/(1*(-2)/3). Let c = -1617 - -1620. What is the greatest common divisor of w and c?
3
Let u(k) = -k**3 - 14*k**2 - 13*k - 18. Let o be u(-13). Let n = o - -27. Suppose v - 8 = 1. What is the greatest common factor of v and n?
9
Suppose -2*j - 5 = 7. Let p(g) = -g**3 - 6*g**2 + 3*g + 3. Let k be p(j). Let s be 10/k + 50/3. Calculate the highest common factor of 4 and s.
4
Let i(g) = g**2 + 8*g + 6. Let h(x) = x**2 - 7*x - 9. Let b be h(7). Let w be i(b). What is the highest common factor of 120 and w?
15
Let l(a) = a**2 - 3*a + 12. Suppose 10*o - 47 = -7. Let m be l(o). What is the greatest common divisor of m and 64?
16
Suppose 11 = 4*k - 169. Let v(n) = n**3 + 61*n**2 - 190*n + 143. Let z be v(-64). What is the highest common divisor of z and k?
15
Let o be (-1 + -719)*(161/35 + -5). Calculate the highest common divisor of o and 9.
9
Let p(v) = -5*v + 5. Let x be p(0). Suppose -3*j + 34 = 2*i - i, -5*j = -x*i + 130. Calculate the greatest common divisor of 196 and i.
28
Let v be (-12)/(((-3)/10)/((-96)/(-40))). Calculate the greatest common factor of 128 and v.
32
Let b = -622 + 578. Let h = 198 + -109. Let p = h + b. Calculate the greatest common divisor of p and 18.
9
Let k(z) = 6*z - 172. Let x be k(29). Let t(y) = -2*y - 8. Let a be t(-6). Let f be ((-17)/a)/(x/(-8)). What is the highest common divisor of 68 and f?
17
Suppose -2*f - 2*z - 3*z + 81 = 0, -5*z = 3*f - 109. Let t = 145 - 75. What is the greatest common factor of t and f?
14
Let c be 4 - (2 + 0/(-1)). Let w(t) = -3 + 2 - 7*t**2 + 8*t**c - t. Let r be w(3). What is the highest common factor of r and 5?
5
Let j be 15/60 - (-2)/(-8). Suppose -5*d - 194 + 854 = j. What is the highest common divisor of d and 12?
12
Let g = 9 + 2. Let n(a) be the first derivative of a**4/4 + 2*a**3 - 4*a**2 - 10*a + 11. Let v be n(-5). Calculate the highest common factor of v and g.
11
Let g(k) = -k**3 + 7*k**2 + 7*k + 9. Let u be g(8). Suppose -18 = -9*a + 9. Calculate the greatest common divisor of a and u.
1
Suppose -10*p + 8*p = 820. Let h = 41 + p. Let r = 529 + h. Calculate the greatest common divisor of r and 32.
32
Let g = -23 - -28. Suppose -3*x - g = -2*t, -x + 2 + 15 = 2*t. Calculate the highest common divisor of 7 and t.
7
Suppose 0 = -40*g + 41*g - 531. Calculate the greatest common divisor of 9 and g.
9
Let f(w) = w**2 - 6*w + 53. Let t be f(9). What is the greatest common factor of t and 16?
16
Let z = 46 + 57. Suppose -7 = 3*d - z. What is the greatest common divisor of 16 and d?
16
Suppose 4*q - 3*r - 673 = 0, -2*q + 2*r - 3*r = -329. Calculate the greatest common divisor of 8 and q.
2
Suppose 0 = 6630*b - 6640*b + 3060. What is the highest common divisor of b and 476?
34
Let m(o) = 2*o + 2 + 2*o + 0*o. Let y be m(-6). Let a = y + 24. What is the highest common factor of 16 and a?
2
Let a(r) = 6*r**2 - 5*r + 4. Let m = -8 - -12. Let k be a(m). Let t(q) = q**2 + 31*q - 452. Let u be t(-42). What is the highest common factor of k and u?
10
Suppose 1109 = 3*o + 2*m, 3*m = -3*o + 1262 - 152. What is the highest common factor of 82 and o?
41
Let c be (-8)/28 - (-2463)/21. Let s = -16 - -10. Let z = 7 - s. What is the highest common divisor of z and c?
13
Let d be 5/15 + 177*(-3)/(-27). What is the highest common factor of 80 and d?
20
Let h(x) = -x**3 - 12*x**2 - 9*x + 16. Let o be h(-11). Let q = o + 48. What is the highest common factor of q and 14?
14
Let c(g) = g**2 + 745*g - 5260. Let q be c(7). Let s = 2 - 0. Calculate the highest common divisor of s and q.
2
Let a(z) = 11*z + 208. Let x be a(-14). Let l be 5 + (2 + -3 - -2). Calculate the greatest common divisor of x and l.
6
Let z(x) be the third derivative of x**5/30 - 5*x**4/12 - 10*x**3/3 - x**2. Let l be z(7). Let p = 13 + -5. Calculate the greatest common factor of p and l.
8
Let w(y) = 2*y + 19. Let z be w(-8). Suppose 3*i - 60 = 39. What is the highest common divisor of i and z?
3
Suppose -z + 18 = 14. Suppose 5*i = z*t + 17 + 44, 3*i - 4*t = 43. Calculate the highest common divisor of 24 and i.
3
Let k be (-12)/(-21) + 5165/(-35). Let d = k - -163. What is the greatest common factor of 64 and d?
16
Let m(l) = -3*l**3 - 11*l**2 - 28*l - 6. Let g be m(-4). What is the greatest common factor of g and 915?
61
Let o(q) = q**2 - 15*q + 17. Suppose -9 = -r + 5. Let y be o(r). Suppose 28 = z - y*k, 4*k - 8*k = -2*z + 48. What is the highest common factor of z and 2?
2
Suppose -l + 2*n - 62 = -2*l, 12 = 4*n. Calculate the highest common factor of l and 280.
56
Let q be (29 + 6)*8/5. Suppose 3*z = 5*z - q. Let j = -85 - -127. What is the greatest common divisor of j and z?
14
Let a(h) = -3*h**2 - 200*h - 110. Let d be a(-66). Calculate the greatest common factor of 484 and d.
22
Let o(h) = -4*h + 27. Let l be o(5). What is the greatest common factor of l and 91?
7
Let m(y) = y**2 + 8*y + 10. Let d be m(-8). Let p be (-1 + 2)/(5/d). Suppose -p*n = -3 - 13. What 